ime?
False
Let b(f) = 475*f**2 - 24*f + 19. Is b(-14) composite?
True
Let m be 4/(-6) - 222992/(-12). Suppose -u - 18357 = m. Is (4/(-6))/(14/u) prime?
True
Let q be -9*2*2*25/(-450). Suppose -5*k = -33*x + 34*x - 8248, x = q*k + 8269. Is x prime?
True
Let b = -1672 + 224645. Is b a prime number?
False
Let v(t) = 4*t**3 + 430*t**2 - 42*t + 33. Is v(-98) prime?
False
Suppose -31 + 133 = -6*w. Let i = 23 + w. Is i/9 - 1 - 65870/(-15) a prime number?
True
Let m(y) = y - 1. Let g be m(-5). Let c(b) = 35*b - 10. Let p be c(g). Let h = 13 - p. Is h composite?
False
Let a be 2/(-3)*270/(-36). Suppose -3*q - 496 = a*q. Let z = 0 - q. Is z a prime number?
False
Suppose 4*d - 10*d + 30 = 0. Suppose 5*z - 90 = -d. Suppose -z = -k + 276. Is k a composite number?
False
Let t = -66 + 91. Suppose -i - j = i - 2, -5*j + t = -5*i. Is ((-1)/3*3)/(i/719) a composite number?
False
Let w = 1783020 + -1133341. Is w prime?
False
Suppose 119059 = n - 9*l, 13*n - 9*n + 3*l = 476080. Is n a prime number?
False
Let l(c) = -3*c + 5*c**2 + 73 - 15*c + 3*c**2 - 49 + c**3. Let v be l(-10). Is (6754/v)/((-10)/(-20)) a composite number?
True
Let o(c) = -2*c + 34. Let r be o(17). Suppose -4*n + 6 = -z - 7*n, r = 3*z - 5*n + 4. Is z*1/(-3)*4 - -1635 composite?
True
Let c(g) = 75*g**2 - 117*g + 1739. Is c(13) prime?
True
Let j(b) = -43*b + 293. Let s be j(7). Let m(x) = 102*x**2 - 9*x + 7. Is m(s) a composite number?
False
Let m = -391633 - -1296552. Is m prime?
True
Suppose -26*i + 19376818 + 3119804 = 43*i. Is i prime?
False
Let g(j) = -81*j - 31. Let a(r) = -2*r**3 + 15*r**2 + 10*r - 20. Let x be a(8). Is g(x) prime?
True
Suppose -120*i + 10816528 + 348518 = -6*i. Is i composite?
True
Let c(p) = -2*p**2 - 15*p + 50. Let n be c(-10). Let b(g) = 30*g + 431. Is b(n) composite?
False
Let t be -2 + 220/12 + 3/(-9). Suppose -2*b = -5*a - 8, 3*a = 4*b + a - t. Is (683/b)/(-4*(-5)/80) a composite number?
False
Suppose -47*u + 37*u = 0. Suppose u*v + v = 9029. Is v a prime number?
True
Suppose -4*l - l = 15. Let v be (2/(8/6))/(21/(-14)). Is l + (155 + 4 - v) a composite number?
False
Let p(x) = x**3 + 11*x**2 + 17*x - 18. Let u be p(-8). Suppose 5*d + 80 = 5*v - 0*v, -5*v + u = -2*d. Is 0/(-2)*(-7)/d - -1357 composite?
True
Let z(v) = v**3 - 9*v**2 + 7*v + 10. Let t be z(8). Let w be t/(-1)*561/(-34). Let c = w - 27. Is c a composite number?
True
Suppose 25265 = -5*r + 4*y - 34754, 2*r + 24010 = 4*y. Let k = r + 17059. Suppose 0 = -2*w + 10, k = 4*p - 0*w + 4*w. Is p composite?
False
Suppose -5*u + 218 = -197. Let z = 284 - u. Is z prime?
False
Suppose 3*s - 136559 = a - 7600, 0 = -5*s - 2*a + 214917. Is s a composite number?
True
Suppose 413*b = -88*b - 93319396 + 405700411. Is b a composite number?
True
Let y = 120 - 115. Is (y - 4)/1*4049 composite?
False
Let z be 152/(-22) - (-2)/(-22). Is -7 - (-2 + 93296/z) prime?
False
Let k(t) = -6490*t + 1987. Is k(-30) composite?
False
Suppose 3988 = -2*j - 2*x + 75454, -178657 = -5*j - 3*x. Is j composite?
False
Let g be ((-13937)/(-11) - 6) + (4 - -1). Let h = -737 + g. Is h a composite number?
True
Suppose 4*t + 12756 = 3*t. Let r = -6641 - t. Is r composite?
True
Let u(c) = -4*c + 1. Let g be u(-3). Let d(x) = 1989*x - 122. Is d(g) prime?
False
Let n(b) = -1404*b - 2077. Is n(-9) a prime number?
True
Suppose x - 22 = -0*x. Suppose 4*l + 20 = 6*l + 2*q, x = 2*l + 3*q. Is -2*(-1074)/(-4)*l/(-24) a composite number?
False
Suppose 0 = s - 21 - 199. Suppose o - 5 = 5*l - 0*l, 3*l - 3*o = -15. Suppose 4*q - 4*i - s = 0, -3*q + 2*i = -l*q - 163. Is q composite?
False
Let r = 32181 - 16952. Is r a composite number?
True
Let l be ((-9009)/308)/((-2)/8952). Suppose -8*x + 35*x - l = 0. Is x a composite number?
True
Suppose 175847 = 2*u - 74123. Suppose 41*n = 34*n + u. Is n a prime number?
False
Let q(n) = 6425*n**2 - 28*n - 10. Is q(-1) composite?
True
Suppose -5*o + 5*v + 1349210 = 0, 36*o = 33*o - v + 809490. Is o composite?
True
Let b(d) = 283*d**2 - 106*d + 2893. Is b(28) composite?
False
Let m be (2 - (-2 - 6))/(-1 - 1). Is 270313/(-95)*m*1 a prime number?
False
Suppose 4*d - 16 = 5*t, -t - 9 = d + t. Is -3*(8 + -3415) + d + -1 a composite number?
True
Suppose 0 = -r + 6 - 4. Suppose r*k - 3*j - 11068 = -193, -4*k = -2*j - 21738. Is k a prime number?
False
Suppose 2*f + 2*l = 674918, -2*f + 462019 = -2*l - 212875. Is f a composite number?
False
Is (1 + 2)/((-240)/(-4356400)) a composite number?
True
Suppose 0 = 5*b + 16308 + 14932. Let c = -4308 - b. Suppose -q + 3*v = -371, 2*v - 4*v = 5*q - c. Is q a prime number?
False
Let h be (3/(2 + -1))/(-1)*-1. Suppose c + u = -h*u + 534, 0 = -5*c + 4*u + 2790. Suppose -4442 = -4*g + c. Is g a prime number?
True
Let r be (-4 - (-37)/4)*(-20)/(-15). Suppose -450 - 313 = -r*k. Suppose k*b + 1996 = 113*b. Is b a composite number?
False
Suppose -a - r - 225582 = -1052333, 3*r = -6. Is a a prime number?
True
Suppose 2*w - 406 - 5134 = 0. Let i = 6155 - w. Is i prime?
False
Suppose -4*h + k = -2*k - 23, -3*h + 13 = 2*k. Suppose 4*b + 682 = -5*f + 7*f, 1018 = 3*f - h*b. Is f a prime number?
True
Let m = -56727 - -457630. Is m composite?
False
Suppose 5*m = 3*y + 1608244, -4*m + 1678106 - 391506 = -4*y. Is m prime?
True
Let j(k) = 9*k**2 + 24*k - 163. Is j(-18) composite?
True
Suppose -o + 251 = -2*c - 3*c, 2*o - 476 = -3*c. Suppose 0 = 6*b + o - 25327. Is b prime?
False
Suppose -5*w + 14 - 64 = 0. Let t be (-24)/w + -2 + 26292/20. Let f = 2430 - t. Is f a composite number?
True
Suppose 167309 = 17*x - 321798. Is x a prime number?
True
Let r(s) = 478*s**2 - 2*s + 3. Suppose -5*d + 0*d - 45 = 0. Let v be ((-3)/(-18)*2)/((-3)/d). Is r(v) prime?
True
Let b(k) = -k**3 - k**2 + k - 1704. Let t be b(0). Suppose 762 = g - 5*u, -4*g + 1169 + 1759 = 4*u. Let v = g - t. Is v prime?
True
Suppose 2860 = -66*s + 33946. Is s a prime number?
False
Let s(l) = 3365*l**2 + 709*l + 3541. Is s(-5) composite?
False
Let w = -128645 - -221254. Is w prime?
False
Suppose 3*t = -t + 8. Suppose 295 = -9*z + 3688. Suppose -l - t*l + 409 = x, x = 5*l + z. Is x prime?
True
Suppose -242*l + 232*l = -20. Suppose z + l*z + 3461 = 5*j, -4*z + 2756 = 4*j. Is j prime?
True
Let w be (((-11685)/2)/(-5))/(5/10). Suppose 0*z - w = -z. Suppose -2*v = 3*u - 1751, 4*u - 2*v + 7*v - z = 0. Is u composite?
True
Suppose 2*d + 34*k = 39*k + 440518, d = k + 220271. Is d a composite number?
False
Let l be -2 + 6 - 1/1. Suppose -44915 = -0*c - l*c - 4*q, 4*c - 5*q = 59866. Is c composite?
False
Let j = 21 - -24. Let l = j + -47. Is 3 - l*(-730)/(-5) composite?
True
Suppose -20 = -5*x, 4 = 4*t - 0*x - 4*x. Suppose t*o = -2*o - 28. Is 11/2*-4*62/o composite?
True
Let k = 39 + -129. Let o = 317 + k. Suppose -a + o + 80 = 0. Is a a composite number?
False
Let g = 384388 - 202749. Is g prime?
True
Let c(a) = 34*a + 301. Let k be c(-8). Is ((-12)/138 - 2442/(-46))*k a composite number?
True
Let z = -46213 + 101792. Is z composite?
False
Let m(y) = 79273*y - 371. Is m(10) prime?
True
Suppose 3*a = 7*a + 2*y - 14, 0 = 3*y + 9. Suppose 2*u - 12 = 2*m, -a*u - m = 3 - 15. Suppose 34 + 41 = u*w. Is w composite?
True
Suppose -7 = -3*h - 4. Suppose 0 = m - 4*c - 1405, 0 = -c - 4 - h. Is m a prime number?
False
Suppose 32*s - 174277 = -7653. Is s composite?
True
Let b(w) = -w + 33. Let u be b(13). Suppose 3 = 4*z - 5*l - u, -4*z + 2*l = -14. Suppose -4*v = -z*v - 298. Is v a composite number?
False
Suppose -3*f = -2*v - 132993, 2*v = 46*f - 51*f + 221687. Is f a prime number?
False
Let n be (-4 - -49)*(-4 - -11). Let r be (36/(-7))/((-18)/n). Let z = r + -32. Is z prime?
False
Let d be ((-9340)/(-30))/((-2)/6*1). Let i = -546 - d. Let u = -129 + i. Is u composite?
True
Suppose -4*l - 2*l + 36 = 0. Suppose 18*x = -l*x + 9096. Is x composite?
False
Suppose 2*l = v + 186, 4*v + 0*l + 777 = -3*l. Let b = 447 + v. Let h = b + -68. Is h prime?
False
Let x = 246744 + -118441. Is x composite?
True
Let v(y) = -y - 19. Let h be v(-13). Is 763555/52 - h/(-8) a composite number?
False
Let s(h) = 3 + 6*h + 2*h**2 - h**2 + 0*h**2 - 2*h**2. Let g be s(5). Is (16/g)/(4/1834) a prime number?
False
Let f(d) = d + 3389. Let k = 290 - 290. Is f(k) prime?
True
Suppose -74503 = -a + 2*j, -372560 = -5*a + 23*j - 22*j. Is a composite?
True
Let b be (-78)/8 + (-2)/8. Suppose -5*p + 184*x - 